 number?
True
Is 1601692567 prime?
True
Is 303466417 a prime number?
False
Is 157323313 a composite number?
True
Is 1766394379 composite?
True
Is 14764353707 prime?
True
Is 688213033 a prime number?
True
Is 802457857 prime?
True
Is 3069180734 prime?
False
Is 15148272089 prime?
True
Is 1736996519 a prime number?
True
Is 162448366501 prime?
True
Is 728360411 a composite number?
False
Is 607092961 prime?
True
Is 70474058407 a prime number?
True
Is 8080480787 prime?
False
Is 150212758 prime?
False
Is 5838124249 composite?
True
Is 2200204087 a prime number?
True
Is 5644395283 prime?
False
Is 588244783 a composite number?
True
Is 135329435767 a composite number?
False
Is 14312833 a prime number?
False
Is 12234746973 a prime number?
False
Is 14921113 a composite number?
True
Is 25184576863 composite?
False
Is 79117473333 composite?
True
Is 568612321 composite?
True
Is 295552471 a prime number?
True
Is 4697799983 a composite number?
True
Is 275226062 composite?
True
Is 12485203217 prime?
False
Is 37425249343 prime?
True
Is 600038197 a composite number?
True
Is 36646613357 a composite number?
False
Is 6042446419 composite?
True
Is 29287946263 prime?
False
Is 40780597517 prime?
False
Is 51849470801 composite?
False
Is 1164161021 a composite number?
False
Is 3481682777 prime?
False
Is 17930159249 composite?
False
Is 13896515449 composite?
False
Is 301896799 prime?
True
Is 13174782713 composite?
True
Is 4225530311 a composite number?
True
Is 1195359527 composite?
True
Is 3564046789 a prime number?
False
Is 5001030167 prime?
False
Is 642758887 a composite number?
True
Is 3003713061 prime?
False
Is 13431525469 composite?
False
Is 20526561031 composite?
False
Is 40915087379 a prime number?
True
Is 4438810393 a composite number?
False
Is 16889653685 prime?
False
Is 1887597059 composite?
True
Is 2135668091 a composite number?
True
Is 3324049159 prime?
True
Is 19544418589 composite?
False
Is 30411568219 prime?
False
Is 898174993 a prime number?
False
Is 323715859 a prime number?
False
Is 95532972545 composite?
True
Is 512664443 a composite number?
False
Is 40238337163 a prime number?
True
Is 274728477 a composite number?
True
Is 9433390133 a composite number?
False
Is 468104177 prime?
True
Is 69303019109 a prime number?
True
Is 1428359521 a prime number?
True
Is 174211927 prime?
True
Is 3700003253 a prime number?
False
Is 15638341141 composite?
False
Is 76698691033 prime?
False
Is 1025866313 a prime number?
True
Is 85845353 a composite number?
True
Is 177780013 a composite number?
False
Is 69985499 prime?
True
Is 266945381 a prime number?
False
Is 1441664867 a prime number?
True
Is 2471980793 a composite number?
True
Is 71795596027 composite?
True
Is 4231093957 composite?
True
Is 2022927229 composite?
True
Is 1308438239 a prime number?
False
Is 99342289493 composite?
True
Is 173474519 a composite number?
False
Is 62429104085 a prime number?
False
Is 959611423 composite?
False
Is 38651739211 composite?
False
Is 4425602261 a composite number?
True
Is 140942909 composite?
False
Is 558581347 composite?
True
Is 10606860079 prime?
True
Is 1270888103 composite?
False
Is 144530404427 a composite number?
False
Is 7108329551 prime?
False
Is 3237195407 prime?
True
Is 299479745 prime?
False
Is 32096299294 a prime number?
False
Is 112119449 a prime number?
False
Is 33821215861 a composite number?
True
Is 985924067 a prime number?
False
Is 1005958529 prime?
True
Is 2986958519 a prime number?
True
Is 94078151 composite?
True
Is 7301079683 a prime number?
True
Is 596544961 prime?
False
Is 46803081467 a composite number?
False
Is 23116021939 composite?
False
Is 767077001 a composite number?
False
Is 862905833 a prime number?
False
Is 1585911629 composite?
False
Is 559378585 a composite number?
True
Is 3159016519 composite?
False
Is 11544052677 a prime number?
False
Is 1534702423 prime?
True
Is 20867684171 prime?
False
Is 7052217509 a composite number?
False
Is 530407351 a composite number?
False
Is 6912361535 prime?
False
Is 13153505173 composite?
True
Is 27882839519 a composite number?
False
Is 76752147331 composite?
False
Is 6050636561 a prime number?
True
Is 3252810173 composite?
False
Is 25705372481 a composite number?
False
Is 323463463 a prime number?
False
Is 2065803037 a composite number?
False
Is 41035723073 a composite number?
False
Is 104025715919 a composite number?
False
Is 5640729869 prime?
False
Is 376533466 a prime number?
False
Is 563940163 a prime number?
True
Is 1791871031 a composite number?
False
Is 17698733159 a composite number?
False
Is 67632596077 a composite number?
False
Is 5667339707 a composite number?
False
Is 384230351 a prime number?
True
Is 20743399211 prime?
True
Is 2484838079 a composite number?
True
Is 9716334923 prime?
True
Is 399542098649 composite?
False
Is 11365724701 a prime number?
True
Is 97180402453 a composite number?
True
Is 40875403123 a prime number?
True
Is 79495966561 composite?
True
Is 4213165003 composite?
False
Is 15892331759 prime?
True
Is 1758543769 prime?
False
Is 3646681915 a prime number?
False
Is 1733299571 a prime number?
True
Is 4175453 composite?
False
Is 46697813 composite?
True
Is 2374461473 composite?
False
Is 3556865471 a composite number?
False
Is 990951049 composite?
True
Is 32050707187 prime?
True
Is 165145160617 composite?
False
Is 4746349733 prime?
True
Is 4313262747 composite?
True
Is 134511365939 prime?
False
Is 157856117 a prime number?
True
Is 1431570493 prime?
False
Is 6015303959 composite?
True
Is 366230861 a prime number?
True
Is 193724941 a prime number?
True
Is 912445861 prime?
False
Is 2572010383 composite?
False
Is 67359575321 prime?
True
Is 11005467851 a prime number?
False
Is 5652780317 composite?
True
Is 3766221119 prime?
False
Is 105055201 a prime number?
False
Is 3181722233 prime?
True
Is 22047012347 composite?
False
Is 134806579 composite?
False
Is 635612917 composite?
True
Is 58278349 a composite number?
False
Is 7533789277 a prime number?
False
Is 14319829567 a composite number?
False
Is 223050079847 a prime number?
False
Is 12922372565 prime?
False
Is 867689441 prime?
True
Is 11364317741 a prime number?
False
Is 368873255 a prime number?
False
Is 512991613 a prime number?
True
Is 647714857 a composite number?
True
Is 1639448189 a prime number?
True
Is 50507447201 a composite number?
False
Is 18170389813 composite?
False
Is 32228784481 a composite number?
False
Is 5784063499 prime?
True
Is 19055367761 a composite number?
True
Is 1838411566 prime?
False
Is 77638681 a composite number?
True
Is 973555417 composite?
False
Is 6744959213 a prime number?
True
Is 172914661 composite?
False
Is 6825305257 a prime number?
True
Is 347195083 composite?
True
Is 788596933 composite?
False
Is 123186477017 a composite number?
False
Is 45532177 a composite number?
False
Is 2891901683 a composite number?
True
Is 702593699 a prime number?
True
Is 85968407059 composite?
True
Is 7875092411 a prime number?
True
Is 222268103 a composite number?
False
Is 104424389 a prime number?
False
Is 6720122023 a prime number?
True
Is 372744887 prime?
True
Is 216944557 prime?
True
Is 4816008905 prime?
False
Is 37447244243 prime?
True
Is 1665595007 a prime number?
False
Is 33361125913 composite?
False
Is 254228346014 a prime number?
False
Is 64143727957 a prime number?
False
Is 85931335883 prime?
True
Is 4385453077 a composite number?
False
Is 46478945969 a composite number?
False
Is 6014810407 prime?
True
Is 537742663 composite?
True
Is 7595040097 a prime number?
False
Is 440839891 prime?
True
Is 10423733069 composite?
True
Is 27721909 composite?
True
Is 2285354843 composite?
True
Is 2353120157 composite?
False
Is 333050821 a prime number?
True
Is 230111499567 a prime number?
False
Is 14011581809 a prime number?
False
Is 80786773841 composite?
True
Is 5018933851 a composite number?
True
Is 10998002467 a prime number?
True
Is 15512328599 prime?
False
Is 754935481 prime?
True
Is 878065961 a composite number?
True
Is 99739489513 composite?
False
Is 16116986643 composite?
True
Is 297822219 a prime number?
False
Is 10536252341 a composite number?
False
Is 1050585203 a composite number?
False
Is 27131300903 composite?
True
Is 66741413 composite?
False
Is 97866942671 prime?
True
Is 119711147 composite?
False
Is 42325935497 a pr